{"id":3,"date":"2022-05-25T08:36:02","date_gmt":"2022-05-25T08:36:02","guid":{"rendered":"https:\/\/casazabka.com\/development\/?page_id=3"},"modified":"2022-06-26T08:00:37","modified_gmt":"2022-06-26T08:00:37","slug":"ochrana-osobnych-udajov","status":"publish","type":"page","link":"https:\/\/casazabka.com\/development\/ochrana-osobnych-udajov\/","title":{"rendered":"OCHRANA OSOBN\u00ddCH \u00daDAJOV"},"content":{"rendered":"\n<p><\/p>\n\n\n\n<p><\/p>\n\n\n\n<p><\/p>\n\n\n\n<p><\/p>\n\n\n\n<p><\/p>\n\n\n\n<p><\/p>\n\n\n\n<p><\/p>\n\n\n\n<div id=\"block-8a044a-20d6-45\" class=\"wp-block-gutenbee-container block-8a044a-20d6-45 theme-grid\"><style>.wp-block-gutenbee-container.block-8a044a-20d6-45 { padding-top: 200px; }<\/style><div class=\"wp-block-gutenbee-container-inner\"><div class=\"wp-block-gutenbee-container-row wp-block-gutenbee-container-lg\">\n<div class=\"wp-block-gutenbee-column block-ce6c79-8cb8-44\"><style>.wp-block-gutenbee-column.block-ce6c79-8cb8-44 { flex-basis: 100%; }\n\n\n      @media (max-width: 991px) {\n        .wp-block-gutenbee-column.block-ce6c79-8cb8-44 { flex-basis: 100%; }\n      }\n    \n\n      @media (max-width: 575px) {\n        .wp-block-gutenbee-column.block-ce6c79-8cb8-44 { flex-basis: 100%; }\n      }<\/style><div class=\"wp-block-gutenbee-column-content\"><\/div><\/div>\n<\/div><\/div><div class=\"wp-block-gutenbee-container-background\" data-parallax-speed=\"0.3\"><\/div><\/div>\n\n\n\n<p><\/p>\n\n\n\n<p class=\"has-text-align-center has-large-font-size\"><strong>OCHRANA OSOBN\u00ddCH \u00daDAJOV<\/strong><\/p>\n\n\n\n<p><strong class=\"privacy-policy-tutorial\">Identifika\u010dn\u00e9 \u00fadaje sprostredkovate\u013ea:<\/strong><\/p>\n\n\n\n<p><strong>Meno a&nbsp;priezvisko: Luk\u00e1\u0161 Koz\u00e1k&nbsp;&nbsp;&nbsp;&nbsp;&nbsp;&nbsp;&nbsp;&nbsp;&nbsp;&nbsp;&nbsp;&nbsp;&nbsp;<\/strong><\/p>\n\n\n\n<p><strong>Kore\u0161ponden\u010dn\u00e1 adresa: Zatoglav 22A, Rogoznica 22203<\/strong><\/p>\n\n\n\n<p><strong>e-mailov\u00e1 adresa:\u00a0<a href=\"mailto:development@casazabka.com\" target=\"_blank\" rel=\"noreferrer noopener\">development@casazabka.com<\/a><\/strong><\/p>\n\n\n\n<p><strong>internetov\u00e1 str\u00e1nka sprostredkovate\u013ea:\u00a0<a href=\"https:\/\/casazabka.com\/\" target=\"_blank\" rel=\"noreferrer noopener\">www.casazabka.com<\/a><\/strong><\/p>\n\n\n\n<ol class=\"wp-block-list\" type=\"1\"><li>Sprostredkovate\u013e sprac\u00fava poskytnut\u00e9 osobn\u00e9 \u00fadaje Objedn\u00e1vate\u013ea, a&nbsp;to meno, priezvisko, mesto\/obec, krajina, email, telef\u00f3ne \u010d\u00edslo, nako\u013eko sprac\u00favanie t\u00fdchto osobn\u00fdch \u00fadajov je nevyhnutn\u00e9 na plnenie zmluvy &#8211; poskytnutie objednan\u00fd slu\u017eieb, a\/alebo na vybavenie \u017eiadosti Objedn\u00e1vate\u013ea pred uzatvoren\u00edm zmluvy s\u00favisiacich so&nbsp;slu\u017ebami Sprostredkovate\u013ea, a pre plnenie povinnost\u00ed ulo\u017een\u00fdch v\u0161eobecne z\u00e1v\u00e4zn\u00fdmi pr\u00e1vnymi predpismi. Sprac\u00favanie osobn\u00fdch \u00fadajov Sprostredkovate\u013e sa vykon\u00e1va na dobu potrebn\u00fa k v\u00fdkonu pr\u00e1v a povinnost\u00ed vypl\u00fdvaj\u00facich zo zmluvy a zo v\u0161eobecne z\u00e1v\u00e4zn\u00fdch pr\u00e1vnych predpisov. Poskytnutie osobn\u00fdch \u00fadajom Sprostredkovate\u013e je nevyhnutn\u00e9 pre naplnenie vy\u0161\u0161ie uveden\u00fdch \u00fa\u010delov. V&nbsp;pr\u00edpade ich neposkytnutia by nebolo mo\u017en\u00e9 poskytn\u00fa\u0165 Objedn\u00e1vate\u013eovi objednan\u00e9 slu\u017eby.<\/li><li>Objedn\u00e1vate\u013e m\u00f4\u017ee za\u0161krtnut\u00edm pr\u00edslu\u0161n\u00e9ho pol\u00ed\u010dka pred odoslan\u00edm objedn\u00e1vky prejavi\u0165 svoj s\u00fahlas so zasielan\u00edm inform\u00e1ci\u00ed o novink\u00e1ch a \u0161peci\u00e1lnych ponuk\u00e1ch (newsletter). Za\u0161krtnut\u00edm tohto pol\u00ed\u010dka tak Objedn\u00e1vate\u013e ako dotknut\u00e1 osoba ude\u013euje Sprostredkovate\u013eovi slobodne a dobrovo\u013ene v&nbsp;zmysle GDPR svoj v\u00fdslovn\u00fd s\u00fahlas so sprac\u00favan\u00edm poskytnutej emailovej adresy na marketingov\u00e9 \u00fa\u010dely &#8211; zasielanie newslettra prostredn\u00edctvom elektronickej po\u0161ty (emailov). Tento s\u00fahlas so sprac\u00favan\u00edm osobn\u00fdch \u00fadajov ude\u013euje Objedn\u00e1vate\u013e na dobu 5 rokov.<\/li><li>Objedn\u00e1vate\u013e zodpoved\u00e1 za \u00faplnos\u0165, pravdivos\u0165 a spr\u00e1vnos\u0165 poskytnut\u00fdch osobn\u00fdch \u00fadajov. V pr\u00edpade zmeny poskytnut\u00fdch osobn\u00fdch \u00fadajov je povinn\u00fd ich zmenu bezodkladne ozn\u00e1mi\u0165 Sprostredkovate\u013eovi.<\/li><li>S\u00fahlas so sprac\u00favan\u00edm osobn\u00fdch \u00fadajov na marketingov\u00e9 \u00fa\u010dely (na zasielanie newslettra) m\u00f4\u017ee Objedn\u00e1vate\u013e kedyko\u013evek odvola\u0165, a to kliknut\u00edm na pr\u00edslu\u0161n\u00fd link umiestnen\u00fd priamo v ka\u017edom marketingovom emaily od Sprostredkovate\u013ea alebo zaslan\u00edm emailu Sprostredkovate\u013ea.<\/li><li>V pr\u00edpade neaktu\u00e1lnosti poskytnut\u00fdch osobn\u00fdch \u00fadajov, odvolania s\u00fahlasu so sprac\u00favan\u00edm osobn\u00fdch \u00fadajov, po splnen\u00ed \u00fa\u010delu alebo doby, na ktor\u00fa bol udelen\u00fd s\u00fahlas na sprac\u00favanie osobn\u00fdch \u00fadajov alebo ak je ukladanie z ak\u00fdchko\u013evek z\u00e1konn\u00fdch d\u00f4vodov nepr\u00edpustn\u00e9, bud\u00fa ulo\u017een\u00e9 osobn\u00e9 \u00fadaje vymazan\u00e9.<\/li><li>Pr\u00e1va Objedn\u00e1vate\u013ea ako dotknutej osoby s\u00fa upraven\u00e9 v&nbsp;\u010dl. 12 &#8211; 22 Nariadenia Eur\u00f3pskeho parlamentu a Rady (E\u00da) 2016\/679 o ochrane fyzick\u00fdch os\u00f4b pri sprac\u00favan\u00ed osobn\u00fdch \u00fadajov a o vo\u013enom pohybe tak\u00fdchto \u00fadajov, ktor\u00fdm sa zru\u0161uje smernica 95\/46\/ES (\u010falej len \u201eGDPR\u201c). Za predpokladu dodr\u017eania po\u017eiadaviek stanoven\u00fdch v GDPR m\u00e1 Objedn\u00e1vate\u013e (i) pr\u00e1vo na pr\u00edstup k svojim osobn\u00fdm \u00fadajom, (ii) pr\u00e1vo na opravu nespr\u00e1vnych osobn\u00fdch \u00fadajov, (iii) pr\u00e1vo na obmedzenie (blokovanie) sprac\u00favania osobn\u00fdch \u00fadajov, (iv) pr\u00e1vo na v\u00fdmaz osobn\u00fdch \u00fadajov, (v) pr\u00e1vo na prenosnos\u0165 \u00fadajov, (vi) pr\u00e1vo poda\u0165 s\u0165a\u017enos\u0165 dozorn\u00e9mu org\u00e1nu, ktor\u00fdm je \u00darad na ochranu osobn\u00fdch \u00fadajov Slovenskej republiky, so s\u00eddlom Hrani\u010dn\u00e1 12, 820 07 Bratislava, pri podozren\u00ed, \u017ee sa jeho osobn\u00e9 \u00fadaje sprac\u00favaj\u00fa v rozpore s platnou legislat\u00edvou.<\/li><li>V pr\u00edpade, \u017ee si u Sprostredkovate\u013ea uplat\u0148uje Objedn\u00e1vate\u013e niektor\u00e9 z pr\u00e1v dotknutej osoby pod\u013ea pr\u00e1vnych predpisov upravuj\u00facich ochranu osobn\u00fdch \u00fadajov a zo \u017eiadosti nie je mo\u017en\u00e9 overi\u0165 toto\u017enos\u0165 \u017eiadate\u013ea alebo v pr\u00edpade, \u017ee m\u00e1 Sprostredkovate\u013e opr\u00e1vnen\u00e9 pochybnosti v s\u00favislosti s toto\u017enos\u0165ou osoby, ktor\u00e1 pod\u00e1va \u017eiados\u0165, vyhradzuje si Sprostredkovate\u013ea pr\u00e1vo t\u00fato osobu po\u017eiada\u0165 o poskytnutie dodato\u010dn\u00fdch inform\u00e1ci\u00ed potrebn\u00fdch na potvrdenie toto\u017enosti osoby uplat\u0148uj\u00facej t\u00fato \u017eiados\u0165.<\/li><li>Osobn\u00e9 \u00fadaje Objedn\u00e1vate\u013ea m\u00f4\u017eu by\u0165 v nevyhnutnom rozsahu poskytovan\u00e9 aj nasledovn\u00fdm subjektom, resp. kateg\u00f3ri\u00ed subjektov, ak je to nevyhnutn\u00e9 na splnenie \u00fa\u010delu, za ktor\u00fdm boli z\u00edskan\u00e9 a to najm\u00e4 Majite\u013eovi ubytovacej jednotky, poskytovate\u013eom objednan\u00fdch slu\u017eieb, spolo\u010dnosti zabezpe\u010duj\u00facej marketingov\u00e9 kampane, spolo\u010dnosti zabezpe\u010duj\u00facej technick\u00fd chod a&nbsp;spr\u00e1vu internetov\u00e9ho port\u00e1lu, spolo\u010dnosti poskytuj\u00facej webhostingov\u00e9 slu\u017eby. \u00dadaje poskytnut\u00e9 tret\u00edm osob\u00e1m m\u00f4\u017eu by\u0165 pou\u017eit\u00e9 v\u00fdhradne na \u00fa\u010dely, na ktor\u00e9 boli osobn\u00e9 \u00fadaje z\u00edskan\u00e9.<\/li><\/ol>\n","protected":false},"excerpt":{"rendered":"<p>OCHRANA OSOBN\u00ddCH \u00daDAJOV Identifika\u010dn\u00e9 \u00fadaje sprostredkovate\u013ea: Meno a&nbsp;priezvisko: Luk\u00e1\u0161 Koz\u00e1k&nbsp;&nbsp;&nbsp;&nbsp;&nbsp;&nbsp;&nbsp;&nbsp;&nbsp;&nbsp;&nbsp;&nbsp;&nbsp; Kore\u0161ponden\u010dn\u00e1 adresa: Zatoglav 22A, Rogoznica 22203 e-mailov\u00e1 adresa:\u00a0development@casazabka.com internetov\u00e1 str\u00e1nka sprostredkovate\u013ea:\u00a0www.casazabka.com Sprostredkovate\u013e sprac\u00fava poskytnut\u00e9 osobn\u00e9 [&hellip;]<\/p>\n","protected":false},"author":1,"featured_media":0,"parent":0,"menu_order":0,"comment_status":"closed","ping_status":"open","template":"templates\/template-fullwidth-boxed.php","meta":{"_mi_skip_tracking":false,"_monsterinsights_sitenote_active":false,"_monsterinsights_sitenote_note":"","_monsterinsights_sitenote_category":0,"footnotes":""},"class_list":["post-3","page","type-page","status-publish","hentry"],"aioseo_notices":[],"_links":{"self":[{"href":"https:\/\/casazabka.com\/development\/wp-json\/wp\/v2\/pages\/3","targetHints":{"allow":["GET"]}}],"collection":[{"href":"https:\/\/casazabka.com\/development\/wp-json\/wp\/v2\/pages"}],"about":[{"href":"https:\/\/casazabka.com\/development\/wp-json\/wp\/v2\/types\/page"}],"author":[{"embeddable":true,"href":"https:\/\/casazabka.com\/development\/wp-json\/wp\/v2\/users\/1"}],"replies":[{"embeddable":true,"href":"https:\/\/casazabka.com\/development\/wp-json\/wp\/v2\/comments?post=3"}],"version-history":[{"count":3,"href":"https:\/\/casazabka.com\/development\/wp-json\/wp\/v2\/pages\/3\/revisions"}],"predecessor-version":[{"id":640,"href":"https:\/\/casazabka.com\/development\/wp-json\/wp\/v2\/pages\/3\/revisions\/640"}],"wp:attachment":[{"href":"https:\/\/casazabka.com\/development\/wp-json\/wp\/v2\/media?parent=3"}],"curies":[{"name":"wp","href":"https:\/\/api.w.org\/{rel}","templated":true}]}}