{"id":942,"date":"2022-11-27T18:11:11","date_gmt":"2022-11-27T18:11:11","guid":{"rendered":"https:\/\/casazabka.com\/development\/?page_id=942"},"modified":"2023-12-08T07:54:52","modified_gmt":"2023-12-08T07:54:52","slug":"inzercia-dubaj","status":"publish","type":"page","link":"https:\/\/casazabka.com\/development\/inzercia-dubaj\/","title":{"rendered":"INZERCIA Dubaj"},"content":{"rendered":"\n<div id=\"block-d02727-cbff-40\" class=\"wp-block-gutenbee-container alignfull block-d02727-cbff-40 has-parallax theme-grid has-background-image has-background-overlay\"><style>.wp-block-gutenbee-container.block-d02727-cbff-40 > .wp-block-gutenbee-container-background { background-image: url(https:\/\/casazabka.com\/development\/wp-content\/uploads\/2022\/11\/IMG_1635.jpg); background-repeat: no-repeat; background-size: cover; background-position: top center; background-attachment: scroll; }<\/style><div class=\"wp-block-gutenbee-container-inner\"><div class=\"wp-block-gutenbee-container-row wp-block-gutenbee-container-lg\">\n<div class=\"wp-block-gutenbee-column block-ab6096-c937-48\"><style>.wp-block-gutenbee-column.block-ab6096-c937-48 > .wp-block-gutenbee-column-content { margin-top: 200px;  margin-bottom: 195px; [object Object] }\n\n\n      @media (max-width: 991px) {\n        .wp-block-gutenbee-column.block-ab6096-c937-48 { flex-basis: 100%; }\n      }\n    \n\n      @media (max-width: 575px) {\n        .wp-block-gutenbee-column.block-ab6096-c937-48 { flex-basis: 100%; }\n      }<\/style><div class=\"wp-block-gutenbee-column-content\">\n<h2 id=\"block-eaa8c4-7670-4d\" class=\"wp-block-gutenbee-heading block-eaa8c4-7670-4d\">Nehnute\u013enosti na predaj<\/h2>\n\n\n<div\n\t\t\t\tid=\"block-27f5de-9e7c-45\"\n\t\t\t\tclass=\"wp-block-gutenbee-post-types block-27f5de-9e7c-45 \"\n\t\t\t\t\t\t\t><div class=\"row row-items row-columns-1\">\t\t\t\t<div class=\"na-predaj term-1 col-12\">\n\n<article id=\"entry-1292\" class=\"entry-item entry-item-media post-1292 post type-post status-publish format-standard has-post-thumbnail hentry category-na-predaj\">\n\t\t<figure class=\"entry-thumb\">\n\t\t<a href=\"https:\/\/casazabka.com\/development\/340-riverside-crescent\/\">\n\t\t\t<img fetchpriority=\"high\" decoding=\"async\" width=\"510\" height=\"510\" src=\"https:\/\/casazabka.com\/development\/wp-content\/uploads\/2023\/12\/340-Riverside-Crescent-title-510x510.jpg\" class=\"attachment-ignition_article_media size-ignition_article_media wp-post-image\" alt=\"\" srcset=\"https:\/\/casazabka.com\/development\/wp-content\/uploads\/2023\/12\/340-Riverside-Crescent-title-510x510.jpg 510w, https:\/\/casazabka.com\/development\/wp-content\/uploads\/2023\/12\/340-Riverside-Crescent-title-300x300.jpg 300w, https:\/\/casazabka.com\/development\/wp-content\/uploads\/2023\/12\/340-Riverside-Crescent-title-1024x1024.jpg 1024w, https:\/\/casazabka.com\/development\/wp-content\/uploads\/2023\/12\/340-Riverside-Crescent-title-150x150.jpg 150w, https:\/\/casazabka.com\/development\/wp-content\/uploads\/2023\/12\/340-Riverside-Crescent-title-768x768.jpg 768w, https:\/\/casazabka.com\/development\/wp-content\/uploads\/2023\/12\/340-Riverside-Crescent-title-75x75.jpg 75w, https:\/\/casazabka.com\/development\/wp-content\/uploads\/2023\/12\/340-Riverside-Crescent-title-160x160.jpg 160w, https:\/\/casazabka.com\/development\/wp-content\/uploads\/2023\/12\/340-Riverside-Crescent-title.jpg 1500w\" sizes=\"(max-width: 510px) 100vw, 510px\" \/>\t\t<\/a>\n\t<\/figure>\n\t\n\t<div class=\"entry-item-content-wrap\">\n\t\t<header class=\"entry-header\"><h2 class=\"entry-title\"><a href=\"https:\/\/casazabka.com\/development\/340-riverside-crescent\/\">340 RIVERSIDE CRESCENT<\/a><\/h2><\/header>\n\t\t<div class=\"entry-item-excerpt\">\n\t\t\t<p>Exkluz\u00edvna pr\u00edle\u017eitos\u0165 k\u00fapi\u0165 nehnute\u013enos\u0165 v Dubaji e\u0161te z \u201cpapiera\u201d za super cenu. Lukrat\u00edvna lokalita, super v\u00fdh\u013eady a lag\u00fany.<\/p>\n\t\t<\/div>\n\n\t\t<a href=\"https:\/\/casazabka.com\/development\/340-riverside-crescent\/\" class=\"btn entry-more-btn\">\n\t\t\tViac\t\t<\/a>\n\t<\/div>\n<\/article>\n\n<\/div>\t\t\t\t<div class=\"na-predaj term-1 col-12\">\n\n<article id=\"entry-1325\" class=\"entry-item entry-item-media post-1325 post type-post status-publish format-standard has-post-thumbnail hentry category-na-predaj\">\n\t\t<figure class=\"entry-thumb\">\n\t\t<a href=\"https:\/\/casazabka.com\/development\/lukrativny-projekt-liv-marina-coskoro\/\">\n\t\t\t<img decoding=\"async\" width=\"295\" height=\"295\" src=\"https:\/\/casazabka.com\/development\/wp-content\/uploads\/2023\/12\/Liv-Marina-Dubai.jpg\" class=\"attachment-ignition_article_media size-ignition_article_media wp-post-image\" alt=\"\" srcset=\"https:\/\/casazabka.com\/development\/wp-content\/uploads\/2023\/12\/Liv-Marina-Dubai.jpg 295w, https:\/\/casazabka.com\/development\/wp-content\/uploads\/2023\/12\/Liv-Marina-Dubai-150x150.jpg 150w, https:\/\/casazabka.com\/development\/wp-content\/uploads\/2023\/12\/Liv-Marina-Dubai-75x75.jpg 75w, https:\/\/casazabka.com\/development\/wp-content\/uploads\/2023\/12\/Liv-Marina-Dubai-160x160.jpg 160w\" sizes=\"(max-width: 295px) 100vw, 295px\" \/>\t\t<\/a>\n\t<\/figure>\n\t\n\t<div class=\"entry-item-content-wrap\">\n\t\t<header class=\"entry-header\"><h2 class=\"entry-title\"><a href=\"https:\/\/casazabka.com\/development\/lukrativny-projekt-liv-marina-coskoro\/\">Lukrat\u00edvny projekt LIV MARINA &#8211; \u010cOSKORO<\/a><\/h2><\/header>\n\t\t<div class=\"entry-item-excerpt\">\n\t\t\t<p>\u010coskoro exkluz\u00edvna pr\u00edle\u017eitos\u0165 k\u00fapi\u0165 nehnute\u013enos\u0165 v Dubaji. Modern\u00e9 apartm\u00e1ny LIV Marina Dubai.<\/p>\n\t\t<\/div>\n\n\t\t<a href=\"https:\/\/casazabka.com\/development\/lukrativny-projekt-liv-marina-coskoro\/\" class=\"btn entry-more-btn\">\n\t\t\tViac\t\t<\/a>\n\t<\/div>\n<\/article>\n\n<\/div><\/div><\/div>\n\n\n<div id=\"block-e892f7-c16b-42\" class=\"wp-block-gutenbee-divider block-e892f7-c16b-42 align-center\" style=\"height:10px\"><style>.wp-block-gutenbee-divider.block-e892f7-c16b-42 { margin-top: 50px;  margin-bottom: 50px; }<\/style><div class=\"wp-block-gutenbee-divider-inner\" style=\"border-top-style:solid;border-top-width:1px;border-top-color:#caad2a;width:100%\"><\/div><\/div>\n\n\n\n<h2 id=\"block-6d23ec-fb59-4c\" class=\"wp-block-gutenbee-heading block-6d23ec-fb59-4c\">Predan\u00e9 nehnute\u013enosti <\/h2>\n\n\n<div\n\t\t\t\tid=\"block-36fdef-f955-4d\"\n\t\t\t\tclass=\"wp-block-gutenbee-post-types block-36fdef-f955-4d \"\n\t\t\t\t\t\t\t><div class=\"row row-items row-columns-1\">\t\t\t\t<div class=\"predane term-18 col-12\">\n\n<article id=\"entry-1090\" class=\"entry-item entry-item-media post-1090 post type-post status-publish format-standard has-post-thumbnail hentry category-predane\">\n\t\t<figure class=\"entry-thumb\">\n\t\t<a href=\"https:\/\/casazabka.com\/development\/luma22\/\">\n\t\t\t<img decoding=\"async\" width=\"510\" height=\"510\" src=\"https:\/\/casazabka.com\/development\/wp-content\/uploads\/2022\/11\/Luma22-casa-zabka-cena-510x510.jpg\" class=\"attachment-ignition_article_media size-ignition_article_media wp-post-image\" alt=\"\" srcset=\"https:\/\/casazabka.com\/development\/wp-content\/uploads\/2022\/11\/Luma22-casa-zabka-cena-510x510.jpg 510w, https:\/\/casazabka.com\/development\/wp-content\/uploads\/2022\/11\/Luma22-casa-zabka-cena-300x300.jpg 300w, https:\/\/casazabka.com\/development\/wp-content\/uploads\/2022\/11\/Luma22-casa-zabka-cena-150x150.jpg 150w, https:\/\/casazabka.com\/development\/wp-content\/uploads\/2022\/11\/Luma22-casa-zabka-cena-75x75.jpg 75w, https:\/\/casazabka.com\/development\/wp-content\/uploads\/2022\/11\/Luma22-casa-zabka-cena-160x160.jpg 160w, https:\/\/casazabka.com\/development\/wp-content\/uploads\/2022\/11\/Luma22-casa-zabka-cena.jpg 532w\" sizes=\"(max-width: 510px) 100vw, 510px\" \/>\t\t<\/a>\n\t<\/figure>\n\t\n\t<div class=\"entry-item-content-wrap\">\n\t\t<header class=\"entry-header\"><h2 class=\"entry-title\"><a href=\"https:\/\/casazabka.com\/development\/luma22\/\">LUMA22 &#8211; VYPREDAN\u00c9<\/a><\/h2><\/header>\n\t\t<div class=\"entry-item-excerpt\">\n\t\t\t<p>Jumeirah Village Circle Jumeirah Village Circle je skvel\u00e1 rodinn\u00e1 lokalita, vzdialen\u00e1 iba 12 min\u00fat od Palm Jumeirah.Tu sa nach\u00e1dza skvel\u00fd projekt Luma22. Tento jedine\u010dn\u00fd stavebn\u00fd [&hellip;]<\/p>\n\t\t<\/div>\n\n\t\t<a href=\"https:\/\/casazabka.com\/development\/luma22\/\" class=\"btn entry-more-btn\">\n\t\t\tViac\t\t<\/a>\n\t<\/div>\n<\/article>\n\n<\/div>\t\t\t\t<div class=\"predane term-18 col-12\">\n\n<article id=\"entry-1122\" class=\"entry-item entry-item-media post-1122 post type-post status-publish format-standard has-post-thumbnail hentry category-predane\">\n\t\t<figure class=\"entry-thumb\">\n\t\t<a href=\"https:\/\/casazabka.com\/development\/liv-lux\/\">\n\t\t\t<img loading=\"lazy\" decoding=\"async\" width=\"510\" height=\"510\" src=\"https:\/\/casazabka.com\/development\/wp-content\/uploads\/2022\/11\/LivLux-Casa-Zabka-cena-510x510.jpg\" class=\"attachment-ignition_article_media size-ignition_article_media wp-post-image\" alt=\"\" srcset=\"https:\/\/casazabka.com\/development\/wp-content\/uploads\/2022\/11\/LivLux-Casa-Zabka-cena-510x510.jpg 510w, https:\/\/casazabka.com\/development\/wp-content\/uploads\/2022\/11\/LivLux-Casa-Zabka-cena-300x300.jpg 300w, https:\/\/casazabka.com\/development\/wp-content\/uploads\/2022\/11\/LivLux-Casa-Zabka-cena-150x150.jpg 150w, https:\/\/casazabka.com\/development\/wp-content\/uploads\/2022\/11\/LivLux-Casa-Zabka-cena-75x75.jpg 75w, https:\/\/casazabka.com\/development\/wp-content\/uploads\/2022\/11\/LivLux-Casa-Zabka-cena-160x160.jpg 160w, https:\/\/casazabka.com\/development\/wp-content\/uploads\/2022\/11\/LivLux-Casa-Zabka-cena.jpg 532w\" sizes=\"(max-width: 510px) 100vw, 510px\" \/>\t\t<\/a>\n\t<\/figure>\n\t\n\t<div class=\"entry-item-content-wrap\">\n\t\t<header class=\"entry-header\"><h2 class=\"entry-title\"><a href=\"https:\/\/casazabka.com\/development\/liv-lux\/\">LIV LUX &#8211; VYPREDAN\u00c9<\/a><\/h2><\/header>\n\t\t<div class=\"entry-item-excerpt\">\n\t\t\t<p>Dubai Mar\u00edna bude ma\u0165 nov\u00fa ikonick\u00fa budovu, pod z\u00e1\u0161titou luxusn\u00e9ho medzin\u00e1rodn\u00e9ho developera Liv. Dubai Marina patr\u00ed medzi st\u00e1lice medzi turistami, ktor\u00ed tu vedia obdivova\u0165 odstaven\u00e9 [&hellip;]<\/p>\n\t\t<\/div>\n\n\t\t<a href=\"https:\/\/casazabka.com\/development\/liv-lux\/\" class=\"btn entry-more-btn\">\n\t\t\tViac\t\t<\/a>\n\t<\/div>\n<\/article>\n\n<\/div>\t\t\t\t<div class=\"predane term-18 col-12\">\n\n<article id=\"entry-1257\" class=\"entry-item entry-item-media post-1257 post type-post status-publish format-standard has-post-thumbnail hentry category-predane\">\n\t\t<figure class=\"entry-thumb\">\n\t\t<a href=\"https:\/\/casazabka.com\/development\/the-grove\/\">\n\t\t\t<img loading=\"lazy\" decoding=\"async\" width=\"510\" height=\"510\" src=\"https:\/\/casazabka.com\/development\/wp-content\/uploads\/2022\/12\/TheGrove-cena-510x510.jpg\" class=\"attachment-ignition_article_media size-ignition_article_media wp-post-image\" alt=\"\" srcset=\"https:\/\/casazabka.com\/development\/wp-content\/uploads\/2022\/12\/TheGrove-cena-510x510.jpg 510w, https:\/\/casazabka.com\/development\/wp-content\/uploads\/2022\/12\/TheGrove-cena-300x300.jpg 300w, https:\/\/casazabka.com\/development\/wp-content\/uploads\/2022\/12\/TheGrove-cena-150x150.jpg 150w, https:\/\/casazabka.com\/development\/wp-content\/uploads\/2022\/12\/TheGrove-cena-75x75.jpg 75w, https:\/\/casazabka.com\/development\/wp-content\/uploads\/2022\/12\/TheGrove-cena-160x160.jpg 160w, https:\/\/casazabka.com\/development\/wp-content\/uploads\/2022\/12\/TheGrove-cena.jpg 532w\" sizes=\"(max-width: 510px) 100vw, 510px\" \/>\t\t<\/a>\n\t<\/figure>\n\t\n\t<div class=\"entry-item-content-wrap\">\n\t\t<header class=\"entry-header\"><h2 class=\"entry-title\"><a href=\"https:\/\/casazabka.com\/development\/the-grove\/\">THE GROVE &#8211; VYPREDAN\u00c9<\/a><\/h2><\/header>\n\t\t<div class=\"entry-item-excerpt\">\n\t\t\t<p>Uhniezden\u00e9 v srdci Dubaja, v lokalite kde si m\u00f4\u017eete vybra\u0165 medzi obrovsk\u00fdmi parkami a golfov\u00fdmi ihriskami, sa nach\u00e1dza skryt\u00fd klenot Dubaja, Dubai Hills Estates. Ide [&hellip;]<\/p>\n\t\t<\/div>\n\n\t\t<a href=\"https:\/\/casazabka.com\/development\/the-grove\/\" class=\"btn entry-more-btn\">\n\t\t\tViac\t\t<\/a>\n\t<\/div>\n<\/article>\n\n<\/div>\t\t\t\t<div class=\"predane term-18 col-12\">\n\n<article id=\"entry-1251\" class=\"entry-item entry-item-media post-1251 post type-post status-publish format-standard has-post-thumbnail hentry category-predane\">\n\t\t<figure class=\"entry-thumb\">\n\t\t<a href=\"https:\/\/casazabka.com\/development\/catch-residences\/\">\n\t\t\t<img loading=\"lazy\" decoding=\"async\" width=\"510\" height=\"510\" src=\"https:\/\/casazabka.com\/development\/wp-content\/uploads\/2022\/12\/cena-Catch-510x510.jpg\" class=\"attachment-ignition_article_media size-ignition_article_media wp-post-image\" alt=\"\" srcset=\"https:\/\/casazabka.com\/development\/wp-content\/uploads\/2022\/12\/cena-Catch-510x510.jpg 510w, https:\/\/casazabka.com\/development\/wp-content\/uploads\/2022\/12\/cena-Catch-300x300.jpg 300w, https:\/\/casazabka.com\/development\/wp-content\/uploads\/2022\/12\/cena-Catch-150x150.jpg 150w, https:\/\/casazabka.com\/development\/wp-content\/uploads\/2022\/12\/cena-Catch-75x75.jpg 75w, https:\/\/casazabka.com\/development\/wp-content\/uploads\/2022\/12\/cena-Catch-160x160.jpg 160w, https:\/\/casazabka.com\/development\/wp-content\/uploads\/2022\/12\/cena-Catch.jpg 532w\" sizes=\"(max-width: 510px) 100vw, 510px\" \/>\t\t<\/a>\n\t<\/figure>\n\t\n\t<div class=\"entry-item-content-wrap\">\n\t\t<header class=\"entry-header\"><h2 class=\"entry-title\"><a href=\"https:\/\/casazabka.com\/development\/catch-residences\/\">CATCH RESIDENCES &#8211; VYPREDAN\u00c9<\/a><\/h2><\/header>\n\t\t<div class=\"entry-item-excerpt\">\n\t\t\t<p>T\u00e1to oblas\u0165, v\u0161eobecne zn\u00e1ma ako \u201eJVC\u201c, je na ceste sta\u0165 sa jednou z naj\u017eiv\u0161\u00edch komun\u00edt v Dubaji v\u010faka svojim neobmedzen\u00fdm mo\u017enostiam \u017eivotn\u00e9ho \u0161t\u00fdlu a schopnosti [&hellip;]<\/p>\n\t\t<\/div>\n\n\t\t<a href=\"https:\/\/casazabka.com\/development\/catch-residences\/\" class=\"btn entry-more-btn\">\n\t\t\tViac\t\t<\/a>\n\t<\/div>\n<\/article>\n\n<\/div><\/div><\/div><\/div><\/div>\n<\/div><div class=\"wp-block-gutenbee-container-background-overlay\" style=\"background-color:rgba(0, 0, 0, 0.43)\"><\/div><\/div><div class=\"wp-block-gutenbee-container-background gutenbee-parallax\" data-parallax-speed=\"0.3\"><\/div><\/div>\n","protected":false},"excerpt":{"rendered":"","protected":false},"author":1,"featured_media":0,"parent":0,"menu_order":0,"comment_status":"closed","ping_status":"closed","template":"templates\/template-fullwidth-boxed.php","meta":{"_mi_skip_tracking":false,"_monsterinsights_sitenote_active":false,"_monsterinsights_sitenote_note":"","_monsterinsights_sitenote_category":0,"footnotes":""},"class_list":["post-942","page","type-page","status-publish","hentry"],"aioseo_notices":[],"_links":{"self":[{"href":"https:\/\/casazabka.com\/development\/wp-json\/wp\/v2\/pages\/942","targetHints":{"allow":["GET"]}}],"collection":[{"href":"https:\/\/casazabka.com\/development\/wp-json\/wp\/v2\/pages"}],"about":[{"href":"https:\/\/casazabka.com\/development\/wp-json\/wp\/v2\/types\/page"}],"author":[{"embeddable":true,"href":"https:\/\/casazabka.com\/development\/wp-json\/wp\/v2\/users\/1"}],"replies":[{"embeddable":true,"href":"https:\/\/casazabka.com\/development\/wp-json\/wp\/v2\/comments?post=942"}],"version-history":[{"count":7,"href":"https:\/\/casazabka.com\/development\/wp-json\/wp\/v2\/pages\/942\/revisions"}],"predecessor-version":[{"id":1287,"href":"https:\/\/casazabka.com\/development\/wp-json\/wp\/v2\/pages\/942\/revisions\/1287"}],"wp:attachment":[{"href":"https:\/\/casazabka.com\/development\/wp-json\/wp\/v2\/media?parent=942"}],"curies":[{"name":"wp","href":"https:\/\/api.w.org\/{rel}","templated":true}]}}